hat is the tens digit of 212000?
0
What is the tens digit of 133250?
5
What is the tens digit of 23977198?
9
What is the units digit of 30736762?
2
What is the millions digit of 1364704?
1
What is the tens digit of 86631?
3
What is the tens digit of 1117295?
9
What is the hundreds digit of 307862?
8
What is the millions digit of 1524340?
1
What is the tens digit of 148342?
4
What is the tens digit of 40025?
2
What is the tens digit of 6129419?
1
What is the thousands digit of 891467?
1
What is the ten thousands digit of 6662467?
6
What is the ten thousands digit of 112236?
1
What is the units digit of 1566723?
3
What is the hundred thousands digit of 3460102?
4
What is the ten thousands digit of 28787881?
8
What is the thousands digit of 1223879?
3
What is the hundred thousands digit of 111905?
1
What is the millions digit of 3018864?
3
What is the tens digit of 167048?
4
What is the units digit of 424658?
8
What is the ten thousands digit of 69267?
6
What is the tens digit of 251372?
7
What is the hundred thousands digit of 436718?
4
What is the thousands digit of 69632?
9
What is the hundreds digit of 12536792?
7
What is the hundred thousands digit of 2152973?
1
What is the units digit of 2187221?
1
What is the thousands digit of 782656?
2
What is the ten thousands digit of 21625826?
2
What is the units digit of 8003350?
0
What is the units digit of 1940533?
3
What is the hundreds digit of 3563495?
4
What is the hundreds digit of 17479840?
8
What is the tens digit of 959259?
5
What is the tens digit of 580447?
4
What is the tens digit of 3294498?
9
What is the units digit of 810735?
5
What is the ten thousands digit of 342208?
4
What is the hundreds digit of 216651?
6
What is the thousands digit of 132663?
2
What is the millions digit of 5081877?
5
What is the tens digit of 2052058?
5
What is the thousands digit of 282127?
2
What is the units digit of 1089386?
6
What is the tens digit of 3805387?
8
What is the hundred thousands digit of 308615?
3
What is the thousands digit of 397847?
7
What is the thousands digit of 58991?
8
What is the hundreds digit of 2422030?
0
What is the thousands digit of 340298?
0
What is the hundred thousands digit of 415728?
4
What is the ten thousands digit of 261961?
6
What is the units digit of 115488?
8
What is the thousands digit of 64852?
4
What is the thousands digit of 1358402?
8
What is the ten thousands digit of 1038563?
3
What is the units digit of 275706?
6
What is the hundreds digit of 1442014?
0
What is the units digit of 214500?
0
What is the units digit of 1086076?
6
What is the tens digit of 601712?
1
What is the tens digit of 4282460?
6
What is the units digit of 842770?
0
What is the units digit of 594926?
6
What is the hundred thousands digit of 5842454?
8
What is the ten thousands digit of 74806?
7
What is the thousands digit of 3655735?
5
What is the hundred thousands digit of 229953?
2
What is the units digit of 4582144?
4
What is the millions digit of 1204290?
1
What is the hundreds digit of 21682?
6
What is the hundreds digit of 10071314?
3
What is the millions digit of 3205145?
3
What is the units digit of 7201?
1
What is the thousands digit of 1017156?
7
What is the hundred thousands digit of 109208?
1
What is the millions digit of 1664716?
1
What is the millions digit of 6095356?
6
What is the hundreds digit of 580824?
8
What is the ten thousands digit of 1562642?
6
What is the units digit of 220310?
0
What is the tens digit of 88419?
1
What is the ten thousands digit of 9247833?
4
What is the units digit of 635313?
3
What is the hundreds digit of 235586?
5
What is the tens digit of 1852368?
6
What is the hundred thousands digit of 852742?
8
What is the ten thousands digit of 3197198?
9
What is the hundred thousands digit of 6565901?
5
What is the units digit of 2390201?
1
What is the thousands digit of 817870?
7
What is the units digit of 3539746?
6
What is the tens digit of 7056204?
0
What is the ten thousands digit of 7343237?
4
What is the units digit of 73767?
7
What is the hundreds digit of 3420538?
5
What is the hundred thousands digit of 26602231?
6
What is the hundred thousands digit of 4466564?
4
What is the thousands digit of 36822?
6
What is the ten thousands digit of 10783512?
8
What is the millions digit of 24583761?
4
What is the thousands digit of 15656924?
6
What is the hundred thousands digit of 466481?
4
What is the millions digit of 16134489?
6
What is the units digit of 72969?
9
What is the thousands digit of 8269062?
9
What is the tens digit of 410218?
1
What is the ten thousands digit of 9118595?
1
What is the tens digit of 69150?
5
What is the thousands digit of 234117?
4
What is the units digit of 1109810?
0
What is the thousands digit of 1550222?
0
What is the thousands digit of 305173?
5
What is the millions digit of 1291156?
1
What is the units digit of 9714464?
4
What is the units digit of 508569?
9
What is the millions digit of 14377674?
4
What is the thousands digit of 22756129?
6
What is the thousands digit of 13499?
3
What is the thousands digit of 6740560?
0
What is the tens digit of 491398?
9
What is the ten thousands digit of 4484016?
8
What is the ten thousands digit of 9319607?
1
What is the ten thousands digit of 5337419?
3
What is the tens digit of 903910?
1
What is the hundreds digit of 2352260?
2
What is the hundreds digit of 1284934?
9
What is the ten thousands digit of 124709?
2
What is the thousands digit of 222663?
2
What is the hundred thousands digit of 23239147?
2
What is the ten thousands digit of 932531?
3
What is the hundreds digit of 2891231?
2
What is the ten thousands digit of 17925?
1
What is the tens digit of 7667711?
1
What is the hundreds digit of 319030?
0
What is the units digit of 68121?
1
What is the tens digit of 1024265?
6
What is the hundred thousands digit of 328922?
3
What is the ten millions digit of 16750711?
1
What is the units digit of 213846?
6
What is the ten millions digit of 31887828?
3
What is the hundreds digit of 5501356?
3
What is the hundred thousands digit of 561769?
5
What is the tens digit of 8525197?
9
What is the units digit of 3378869?
9
What is the ten thousands digit of 847370?
4
What is the units digit of 677733?
3
What is the hundred thousands digit of 2130531?
1
What is the units digit of 34591475?
5
What is the thousands digit of 6668352?
8
What is the thousands digit of 1314743?
4
What is the ten thousands digit of 2940556?
4
What is the hundreds digit of 228200?
2
What is the tens digit of 12782814?
1
What is the units digit of 1164700?
0
What is the tens digit of 3115325?
2
What is the thousands digit of 314880?
4
What is the hundred thousands digit of 4795550?
7
What is the millions digit of 2834149?
2
What is the hundreds digit of 1014201?
2
What is the ten millions digit of 22770790?
2
What is the thousands digit of 2676184?
6
What is the hundreds digit of 679673?
6
What is the millions digit of 19057144?
9
What is the tens digit of 251728?
2
What is the millions digit of 4536420?
4
What is the hundreds digit of 116587?
5
What is the tens digit of 1835087?
8
What is the hundred thousands digit of 10062140?
0
What is the units digit of 13957397?
7
What is the ten thousands digit of 2288964?
8
What is the thousands digit of 7959021?
9
What is the hundred thousands digit of 425281?
4
What is the hundred thousands digit of 2767633?
7
What is the tens digit of 6924617?
1
What is the hundred thousands digit of 10567591?
5
What is the hundred thousands digit of 969433?
9
What is the thousands digit of 155763?
5
What is the hundred thousands digit of 130334?
1
What is the tens digit of 11228698?
9
What is the hundred thousands digit of 1792809?
7
What is the units digit of 231550?
0
What is the tens digit of 12147863?
6
What is the thousands digit of 4576808?
6
What is the hundreds digit of 215709?
7
What is the tens digit of 7307290?
9
What is the tens digit of 250935?
3
What is the hundreds digit of 4131153?
1
What is the tens digit of 17760729?
2
What is the hundreds digit of 105300?
3
What is the hundred thousands digit of 479515?
4
What is the ten thousands digit of 15624321?
2
What is the millions digit of 2313283?
2
What is the tens digit of 2125997?
9
What is the thousands digit of 15